{"id":10906,"date":"2022-05-09T17:32:34","date_gmt":"2022-05-09T22:32:34","guid":{"rendered":"https:\/\/munimiperu.gob.pe\/main\/?page_id=10906"},"modified":"2025-04-07T14:25:33","modified_gmt":"2025-04-07T19:25:33","slug":"presupuesto-participativo-2023","status":"publish","type":"page","link":"https:\/\/munimiperu.gob.pe\/main\/presupuesto-participativo-2023\/","title":{"rendered":"PRESUPUESTO PARTICIPATIVO 2026"},"content":{"rendered":"<p><a href=\"https:\/\/munimiperu.gob.pe\/main\/wp-content\/uploads\/2023\/06\/PASACALLE-PRESUPUESTO-PARTICIPATIVO.jpg\"><img loading=\"lazy\" decoding=\"async\" class=\"aligncenter wp-image-14065 \" src=\"https:\/\/munimiperu.gob.pe\/main\/wp-content\/uploads\/2023\/06\/PASACALLE-PRESUPUESTO-PARTICIPATIVO.jpg\" alt=\"\" width=\"1387\" height=\"230\" srcset=\"https:\/\/munimiperu.gob.pe\/main\/wp-content\/uploads\/2023\/06\/PASACALLE-PRESUPUESTO-PARTICIPATIVO.jpg 1024w, https:\/\/munimiperu.gob.pe\/main\/wp-content\/uploads\/2023\/06\/PASACALLE-PRESUPUESTO-PARTICIPATIVO-300x50.jpg 300w, https:\/\/munimiperu.gob.pe\/main\/wp-content\/uploads\/2023\/06\/PASACALLE-PRESUPUESTO-PARTICIPATIVO-768x128.jpg 768w, https:\/\/munimiperu.gob.pe\/main\/wp-content\/uploads\/2023\/06\/PASACALLE-PRESUPUESTO-PARTICIPATIVO-1536x256.jpg 1536w\" sizes=\"auto, (max-width: 1387px) 100vw, 1387px\" \/><\/a><\/p>\n<h1><span style=\"color: #000000;\"><strong>PRESUPUESTO PARTICIPATIVO<\/strong><\/span><\/h1>\n<h4><strong>Ordenanza Municipal N\u00b0 188-2025-MDMP<\/strong><\/h4>\n<table width=\"953\">\n<tbody>\n<tr>\n<td style=\"text-align: center;\" width=\"80\"><span style=\"color: #000000;\"><strong>ITEM<\/strong><\/span><\/td>\n<td style=\"text-align: center;\" width=\"763\"><span style=\"color: #000000;\"><strong>DESCRIPCI\u00d3N<\/strong><\/span><\/td>\n<td style=\"text-align: center;\" width=\"110\"><span style=\"color: #000000;\"><strong>REGLAMENTO<\/strong><\/span><\/td>\n<\/tr>\n<tr>\n<td style=\"text-align: center;\"><strong>01<\/strong><\/td>\n<td width=\"763\"><strong>APROBAR<\/strong> el Reglamento del Proceso del Presupuesto Participativo Basado en Resultados en el Distrito de Mi Per\u00fa, del a\u00f1o fiscal 2026, que como anexo forma parte de la presente Ordenanza.<\/td>\n<td>\u00a0 \u00a0 \u00a0 \u00a0 <a href=\"https:\/\/munimiperu.gob.pe\/main\/wp-content\/uploads\/2025\/04\/REGLAMENTO-DEL-PROCE-DE-PRESUPUESTO-PARTICIPATIVO-1.pdf\" target=\"_blank\" rel=\"noopener\"><img loading=\"lazy\" decoding=\"async\" class=\"alignnone\" src=\"https:\/\/munimiperu.gob.pe\/main\/wp-content\/uploads\/2022\/05\/pdf-244x300.webp\" alt=\"\" width=\"40\" height=\"49\" \/><\/a><\/td>\n<\/tr>\n<\/tbody>\n<\/table>\n<p>&nbsp;<\/p>\n<h4><strong>Ordenanza Municipal N\u00b0 127-2023-MDMP<\/strong><\/h4>\n<table width=\"953\">\n<tbody>\n<tr>\n<td style=\"text-align: center;\" width=\"80\"><span style=\"color: #000000;\"><strong>ITEM<\/strong><\/span><\/td>\n<td style=\"text-align: center;\" width=\"763\"><span style=\"color: #000000;\"><strong>DESCRIPCI\u00d3N<\/strong><\/span><\/td>\n<td style=\"text-align: center;\" width=\"110\"><span style=\"color: #000000;\"><strong>REGLAMENTO<\/strong><\/span><\/td>\n<\/tr>\n<tr>\n<td style=\"text-align: center;\"><strong>01<\/strong><\/td>\n<td width=\"763\"><strong><span style=\"color: #000000;\">APROBAR<\/span><\/strong> el Reglamento del Proceso del \u00a0Presupuesto Participativo \u00a0Basado en Resultados en el Distrito de Mi Per\u00fa, del a\u00f1o fiscal 2024, que como anexo forma parte de la presente Ordenanza.<\/td>\n<td>\u00a0 \u00a0 \u00a0 \u00a0 <a href=\"https:\/\/www.gob.pe\/institucion\/munimiperu\/normas-legales\/4315483-127-2023-mdmp\" target=\"_blank\" rel=\"noopener\"><img loading=\"lazy\" decoding=\"async\" class=\"alignnone\" src=\"https:\/\/munimiperu.gob.pe\/main\/wp-content\/uploads\/2022\/05\/pdf-244x300.webp\" alt=\"\" width=\"40\" height=\"49\" \/><\/a><\/td>\n<\/tr>\n<\/tbody>\n<\/table>\n<p><strong><span style=\"color: #000000;\">Cronograma<\/span><\/strong><\/p>\n<table width=\"953\">\n<tbody>\n<tr>\n<td style=\"text-align: center;\" width=\"80\"><span style=\"color: #000000;\"><strong>ITEM<\/strong><\/span><\/td>\n<td style=\"text-align: center;\" width=\"763\"><span style=\"color: #000000;\"><strong>DESCRIPCI\u00d3N<\/strong><\/span><\/td>\n<td style=\"text-align: center;\" width=\"110\"><span style=\"color: #000000;\"><strong>CRONOGRAMA<\/strong><\/span><\/td>\n<\/tr>\n<tr>\n<td style=\"text-align: center;\"><span style=\"color: #000000;\"><strong>01<\/strong><\/span><\/td>\n<td width=\"763\">Cronograma De Actividades del Presupuesto Participativo Basado en Resultados en el Distrito de Mi Per\u00fa para el a\u00f1o 2024<\/td>\n<td><a href=\"https:\/\/www.gob.pe\/institucion\/munimiperu\/normas-legales\/4315483-127-2023-mdmp\" target=\"_blank\" rel=\"noopener\">\u00a0 \u00a0 \u00a0 \u00a0 \u00a0 \u00a0<\/a><a href=\"https:\/\/munimiperu.gob.pe\/main\/wp-content\/uploads\/2023\/06\/ANEXO-No-1-CRONOGRAMA.pdf\" target=\"_blank\" rel=\"noopener\"><img loading=\"lazy\" decoding=\"async\" class=\"alignnone\" src=\"https:\/\/munimiperu.gob.pe\/main\/wp-content\/uploads\/2022\/05\/pdf-244x300.webp\" alt=\"\" width=\"40\" height=\"49\" \/><\/a><\/td>\n<\/tr>\n<\/tbody>\n<\/table>\n<p><span style=\"color: #000000;\"><strong>Registro de Agentes Participantes<\/strong><\/span><\/p>\n<p>Los agentes participantes o suplentes deber\u00e1n realizar su registro como REPRESENTANTE LEGAL Y\/O TITULAR DE LA ORGANIZACI\u00d3N a la que pertenece y para su Participaci\u00f3n en el Presupuesto Participativo 2024 deber\u00e1 inscribirse en Mesa de Partes Virtual o Presencial<\/p>\n<div class=\"x11i5rnm xat24cr x1mh8g0r x1vvkbs xtlvy1s x126k92a\"><\/div>\n<p><span style=\"color: #000000;\"><strong>Aviso y Comunicado<\/strong><\/span><\/p>\n<p><a href=\"https:\/\/munimiperu.gob.pe\/main\/wp-content\/uploads\/2025\/04\/WhatsApp-Image-2025-04-07-at-2.19.00-PM.jpeg\"><img loading=\"lazy\" decoding=\"async\" class=\"wp-image-19187 aligncenter\" src=\"https:\/\/munimiperu.gob.pe\/main\/wp-content\/uploads\/2025\/04\/WhatsApp-Image-2025-04-07-at-2.19.00-PM-300x294.jpeg\" alt=\"\" width=\"380\" height=\"373\" srcset=\"https:\/\/munimiperu.gob.pe\/main\/wp-content\/uploads\/2025\/04\/WhatsApp-Image-2025-04-07-at-2.19.00-PM-300x294.jpeg 300w, https:\/\/munimiperu.gob.pe\/main\/wp-content\/uploads\/2025\/04\/WhatsApp-Image-2025-04-07-at-2.19.00-PM.jpeg 1024w, https:\/\/munimiperu.gob.pe\/main\/wp-content\/uploads\/2025\/04\/WhatsApp-Image-2025-04-07-at-2.19.00-PM-768x752.jpeg 768w\" sizes=\"auto, (max-width: 380px) 100vw, 380px\" \/><\/a><\/p>\n","protected":false},"excerpt":{"rendered":"<p>PRESUPUESTO PARTICIPATIVO Ordenanza Municipal N\u00b0 188-2025-MDMP ITEM DESCRIPCI\u00d3N REGLAMENTO 01 APROBAR el Reglamento del Proceso del Presupuesto Participativo Basado en Resultados en el Distrito de Mi Per\u00fa, del a\u00f1o fiscal 2026, que como anexo forma parte de la presente Ordenanza. \u00a0 \u00a0 \u00a0 \u00a0 &nbsp; Ordenanza Municipal N\u00b0 127-2023-MDMP ITEM DESCRIPCI\u00d3N REGLAMENTO 01 APROBAR el &hellip;<\/p>\n<p class=\"read-more\"> <a class=\"\" href=\"https:\/\/munimiperu.gob.pe\/main\/presupuesto-participativo-2023\/\"> <span class=\"screen-reader-text\">PRESUPUESTO PARTICIPATIVO 2026<\/span> Leer m\u00e1s &raquo;<\/a><\/p>\n","protected":false},"author":1,"featured_media":0,"parent":0,"menu_order":0,"comment_status":"closed","ping_status":"closed","template":"","meta":{"_mi_skip_tracking":false,"site-sidebar-layout":"no-sidebar","site-content-layout":"page-builder","ast-main-header-display":"","ast-hfb-above-header-display":"","ast-hfb-below-header-display":"","ast-hfb-mobile-header-display":"","site-post-title":"disabled","ast-breadcrumbs-content":"","ast-featured-img":"disabled","footer-sml-layout":"","theme-transparent-header-meta":"default","adv-header-id-meta":"","stick-header-meta":"","header-above-stick-meta":"","header-main-stick-meta":"","header-below-stick-meta":"","footnotes":""},"class_list":["post-10906","page","type-page","status-publish","hentry"],"_links":{"self":[{"href":"https:\/\/munimiperu.gob.pe\/main\/wp-json\/wp\/v2\/pages\/10906","targetHints":{"allow":["GET"]}}],"collection":[{"href":"https:\/\/munimiperu.gob.pe\/main\/wp-json\/wp\/v2\/pages"}],"about":[{"href":"https:\/\/munimiperu.gob.pe\/main\/wp-json\/wp\/v2\/types\/page"}],"author":[{"embeddable":true,"href":"https:\/\/munimiperu.gob.pe\/main\/wp-json\/wp\/v2\/users\/1"}],"replies":[{"embeddable":true,"href":"https:\/\/munimiperu.gob.pe\/main\/wp-json\/wp\/v2\/comments?post=10906"}],"version-history":[{"count":115,"href":"https:\/\/munimiperu.gob.pe\/main\/wp-json\/wp\/v2\/pages\/10906\/revisions"}],"predecessor-version":[{"id":14162,"href":"https:\/\/munimiperu.gob.pe\/main\/wp-json\/wp\/v2\/pages\/10906\/revisions\/14162"}],"wp:attachment":[{"href":"https:\/\/munimiperu.gob.pe\/main\/wp-json\/wp\/v2\/media?parent=10906"}],"curies":[{"name":"wp","href":"https:\/\/api.w.org\/{rel}","templated":true}]}}