{"id":16463,"date":"2024-02-12T11:57:50","date_gmt":"2024-02-12T16:57:50","guid":{"rendered":"https:\/\/munimiperu.gob.pe\/main\/?page_id=16463"},"modified":"2025-05-20T12:03:58","modified_gmt":"2025-05-20T17:03:58","slug":"convocatorias-cas-febreto-2024","status":"publish","type":"page","link":"https:\/\/munimiperu.gob.pe\/main\/convocatorias-cas-febreto-2024\/","title":{"rendered":"CONVOCATORIAS CAS FEBRERO 2024"},"content":{"rendered":"\t\t<div data-elementor-type=\"wp-page\" data-elementor-id=\"16463\" class=\"elementor elementor-16463\" data-elementor-settings=\"[]\">\n\t\t\t\t\t\t<div class=\"elementor-inner\">\n\t\t\t\t\t\t\t<div class=\"elementor-section-wrap\">\n\t\t\t\t\t\t\t<section class=\"elementor-section elementor-top-section elementor-element elementor-element-c0c8bb2 elementor-section-boxed elementor-section-height-default elementor-section-height-default\" data-id=\"c0c8bb2\" data-element_type=\"section\">\n\t\t\t\t\t\t<div class=\"elementor-container elementor-column-gap-default\">\n\t\t\t\t\t\t\t<div class=\"elementor-row\">\n\t\t\t\t\t<div class=\"elementor-column elementor-col-100 elementor-top-column elementor-element elementor-element-69f6edb\" data-id=\"69f6edb\" data-element_type=\"column\">\n\t\t\t<div class=\"elementor-column-wrap elementor-element-populated\">\n\t\t\t\t\t\t\t<div class=\"elementor-widget-wrap\">\n\t\t\t\t\t\t<div class=\"elementor-element elementor-element-6752142 elementor-widget elementor-widget-heading\" data-id=\"6752142\" data-element_type=\"widget\" data-widget_type=\"heading.default\">\n\t\t\t\t<div class=\"elementor-widget-container\">\n\t\t\t<h2 class=\"elementor-heading-title elementor-size-default\">PROCESO CAS N\u00ba 001-2024-MDMP (para la contrataci\u00f3n de  UN(A) EJECUTOR(A) COACTIVA<\/h2>\t\t<\/div>\n\t\t\t\t<\/div>\n\t\t\t\t<div class=\"elementor-element elementor-element-b1ffacc elementor-widget elementor-widget-text-editor\" data-id=\"b1ffacc\" data-element_type=\"widget\" data-widget_type=\"text-editor.default\">\n\t\t\t\t<div class=\"elementor-widget-container\">\n\t\t\t\t\t<div class=\"elementor-text-editor elementor-clearfix\"><ul><li><a href=\"https:\/\/munimiperu.gob.pe\/main\/wp-content\/uploads\/2024\/03\/RESULTADOS-ENTREVISTA-PERSONAL-Y-RESULTADOS-FINALES-PROCESO-CAS-N\u00b0-001-2024-MDMP-PARA-LA-CONTRATACION-DE-UNA-EJECUTORA-COACTIVO-PARA-LA-GERENCIA-DE-ADMINISTRACION-TRIBUTARIA.pdf\" target=\"_blank\" rel=\"noopener\">RESULTADOS ENTREVISTA PERSONAL Y RESULTADOS FINALES PROCESO CAS N\u00b0 001-2024-MDMP PARA LA CONTRATACI\u00d3N DE UN(A) EJECUTOR(A) COACTIVO PARA LA GERENCIA DE ADMINISTRACI\u00d3N TRIBUTARIA<\/a><\/li><li><a href=\"https:\/\/munimiperu.gob.pe\/main\/wp-content\/uploads\/2024\/02\/RESULTADOS-DE-LA-EVALUACION-CURRICULAR-DEL-PROCESO-DE-SELECCION-CAS-N\u00b0-001-2024-MDMP-UNA-EJECUTORA-COACTIVO-PARA-LA-GERENCIA-DE-ADMINISTRACION-TRIBUTARIA.pdf\" target=\"_blank\" rel=\"noopener\">RESULTADOS DE LA EVALUACI\u00d3N CURRICULAR DEL PROCESO DE SELECCION CAS N\u00b0 001-2024-MDMP UN(A) EJECUTOR(A) COACTIVO PARA LA GERENCIA DE ADMINISTRACI\u00d3N TRIBUTARIA<\/a><\/li><li><a href=\"https:\/\/munimiperu.gob.pe\/main\/wp-content\/uploads\/2024\/02\/BASES-PARA-EL-PROCESO-CAS-N\u00b0-001-2024-MDMP.pdf\" target=\"_blank\" rel=\"noopener\">BASES PARA EL PROCESO DE SELECCI\u00d3N &#8211; CAS N\u00ba 001-2024<\/a><\/li><li><a href=\"https:\/\/munimiperu.gob.pe\/main\/wp-content\/uploads\/2024\/02\/ANEXO-No-1_-Formato-de-solicitud-de-participacion-6.docx\" target=\"_blank\" rel=\"noopener\">FORMATO CAS 2024 &#8211; ANEXO 01<\/a><\/li><li style=\"font-size: 16px;\"><a href=\"https:\/\/munimiperu.gob.pe\/main\/wp-content\/uploads\/2024\/02\/ANEXO-No-2_-Formato-de-ficha-de-postulante-3.xlsx\" target=\"_blank\" rel=\"noopener\">FORMATO CAS 2024 &#8211; ANEXO 02<\/a><\/li><li style=\"font-size: 16px;\"><a style=\"font-size: 16px;\" href=\"https:\/\/munimiperu.gob.pe\/main\/wp-content\/uploads\/2024\/02\/ANEXO-No-3_-Formato-de-Declaracion-Jurada-3.docx\" target=\"_blank\" rel=\"noopener\">FORMATO CAS 2024 &#8211; ANEXO 03<\/a><\/li><li style=\"font-size: 16px;\"><a style=\"font-size: 16px;\" href=\"https:\/\/munimiperu.gob.pe\/main\/wp-content\/uploads\/2024\/02\/ANEXO-No-4_-Formato-de-DJ-para-bonificaciones-5.docx\" target=\"_blank\" rel=\"noopener\">FORMATO CAS 2024 &#8211; ANEXO 04<\/a><\/li><li style=\"font-size: 16px;\"><a style=\"font-size: 16px;\" href=\"https:\/\/munimiperu.gob.pe\/main\/wp-content\/uploads\/2024\/02\/Formato-No-5_-Ficha-de-Sintomatologia-Covid-19-4.docx\" target=\"_blank\" rel=\"noopener\">FORMATO CAS 2024 &#8211; ANEXO 05<\/a><\/li><li><a style=\"font-size: 16px;\" href=\"https:\/\/munimiperu.gob.pe\/main\/wp-content\/uploads\/2024\/02\/Anexo-No-6_-Ficha-del-Sistema-Pensionario-7.docx\" target=\"_blank\" rel=\"noopener\">FORMATO CAS 2023 &#8211; ANEXO 06<\/a><\/li><\/ul><\/div>\n\t\t\t\t<\/div>\n\t\t\t\t<\/div>\n\t\t\t\t\t\t<\/div>\n\t\t\t\t\t<\/div>\n\t\t<\/div>\n\t\t\t\t\t\t\t\t<\/div>\n\t\t\t\t\t<\/div>\n\t\t<\/section>\n\t\t\t\t\t\t<\/div>\n\t\t\t\t\t\t<\/div>\n\t\t\t\t\t<\/div>\n\t\t","protected":false},"excerpt":{"rendered":"<p>PROCESO CAS N\u00ba 001-2024-MDMP (para la contrataci\u00f3n de UN(A) EJECUTOR(A) COACTIVA RESULTADOS ENTREVISTA PERSONAL Y RESULTADOS FINALES PROCESO CAS N\u00b0 001-2024-MDMP PARA LA CONTRATACI\u00d3N DE UN(A) EJECUTOR(A) COACTIVO PARA LA GERENCIA DE ADMINISTRACI\u00d3N TRIBUTARIA RESULTADOS DE LA EVALUACI\u00d3N CURRICULAR DEL PROCESO DE SELECCION CAS N\u00b0 001-2024-MDMP UN(A) EJECUTOR(A) COACTIVO PARA LA GERENCIA DE ADMINISTRACI\u00d3N TRIBUTARIA &hellip;<\/p>\n<p class=\"read-more\"> <a class=\"\" href=\"https:\/\/munimiperu.gob.pe\/main\/convocatorias-cas-febreto-2024\/\"> <span class=\"screen-reader-text\">CONVOCATORIAS CAS FEBRERO 2024<\/span> Leer m\u00e1s &raquo;<\/a><\/p>\n","protected":false},"author":1,"featured_media":0,"parent":0,"menu_order":0,"comment_status":"closed","ping_status":"closed","template":"","meta":{"_mi_skip_tracking":false,"site-sidebar-layout":"default","site-content-layout":"default","ast-main-header-display":"","ast-hfb-above-header-display":"","ast-hfb-below-header-display":"","ast-hfb-mobile-header-display":"","site-post-title":"","ast-breadcrumbs-content":"","ast-featured-img":"","footer-sml-layout":"","theme-transparent-header-meta":"default","adv-header-id-meta":"","stick-header-meta":"","header-above-stick-meta":"","header-main-stick-meta":"","header-below-stick-meta":"","footnotes":""},"class_list":["post-16463","page","type-page","status-publish","hentry"],"_links":{"self":[{"href":"https:\/\/munimiperu.gob.pe\/main\/wp-json\/wp\/v2\/pages\/16463","targetHints":{"allow":["GET"]}}],"collection":[{"href":"https:\/\/munimiperu.gob.pe\/main\/wp-json\/wp\/v2\/pages"}],"about":[{"href":"https:\/\/munimiperu.gob.pe\/main\/wp-json\/wp\/v2\/types\/page"}],"author":[{"embeddable":true,"href":"https:\/\/munimiperu.gob.pe\/main\/wp-json\/wp\/v2\/users\/1"}],"replies":[{"embeddable":true,"href":"https:\/\/munimiperu.gob.pe\/main\/wp-json\/wp\/v2\/comments?post=16463"}],"version-history":[{"count":59,"href":"https:\/\/munimiperu.gob.pe\/main\/wp-json\/wp\/v2\/pages\/16463\/revisions"}],"predecessor-version":[{"id":19925,"href":"https:\/\/munimiperu.gob.pe\/main\/wp-json\/wp\/v2\/pages\/16463\/revisions\/19925"}],"wp:attachment":[{"href":"https:\/\/munimiperu.gob.pe\/main\/wp-json\/wp\/v2\/media?parent=16463"}],"curies":[{"name":"wp","href":"https:\/\/api.w.org\/{rel}","templated":true}]}}