{"id":17934,"date":"2024-10-09T12:06:09","date_gmt":"2024-10-09T17:06:09","guid":{"rendered":"https:\/\/munimiperu.gob.pe\/main\/?page_id=17934"},"modified":"2024-10-24T16:26:27","modified_gmt":"2024-10-24T21:26:27","slug":"actividades-2024","status":"publish","type":"page","link":"https:\/\/munimiperu.gob.pe\/main\/actividades-2024\/","title":{"rendered":"ACTIVIDADES 2024"},"content":{"rendered":"\t\t<div data-elementor-type=\"wp-page\" data-elementor-id=\"17934\" class=\"elementor elementor-17934\" data-elementor-settings=\"[]\">\n\t\t\t\t\t\t<div class=\"elementor-inner\">\n\t\t\t\t\t\t\t<div class=\"elementor-section-wrap\">\n\t\t\t\t\t\t\t<section class=\"elementor-section elementor-top-section elementor-element elementor-element-1b9027e elementor-section-boxed elementor-section-height-default elementor-section-height-default\" data-id=\"1b9027e\" data-element_type=\"section\">\n\t\t\t\t\t\t<div class=\"elementor-container elementor-column-gap-default\">\n\t\t\t\t\t\t\t<div class=\"elementor-row\">\n\t\t\t\t\t<div class=\"elementor-column elementor-col-100 elementor-top-column elementor-element elementor-element-2f35ff6\" data-id=\"2f35ff6\" data-element_type=\"column\">\n\t\t\t<div class=\"elementor-column-wrap elementor-element-populated\">\n\t\t\t\t\t\t\t<div class=\"elementor-widget-wrap\">\n\t\t\t\t\t\t<div class=\"elementor-element elementor-element-1850305 elementor-widget elementor-widget-heading\" data-id=\"1850305\" data-element_type=\"widget\" data-widget_type=\"heading.default\">\n\t\t\t\t<div class=\"elementor-widget-container\">\n\t\t\t<h2 class=\"elementor-heading-title elementor-size-default\">GERENCIA DE SEGURIDAD CIUDADANA<\/h2>\t\t<\/div>\n\t\t\t\t<\/div>\n\t\t\t\t\t\t<\/div>\n\t\t\t\t\t<\/div>\n\t\t<\/div>\n\t\t\t\t\t\t\t\t<\/div>\n\t\t\t\t\t<\/div>\n\t\t<\/section>\n\t\t\t\t<section class=\"elementor-section elementor-top-section elementor-element elementor-element-d7356dc elementor-section-boxed elementor-section-height-default elementor-section-height-default\" data-id=\"d7356dc\" data-element_type=\"section\">\n\t\t\t\t\t\t<div class=\"elementor-container elementor-column-gap-default\">\n\t\t\t\t\t\t\t<div class=\"elementor-row\">\n\t\t\t\t\t<div class=\"elementor-column elementor-col-100 elementor-top-column elementor-element elementor-element-3f355be\" data-id=\"3f355be\" data-element_type=\"column\">\n\t\t\t<div class=\"elementor-column-wrap elementor-element-populated\">\n\t\t\t\t\t\t\t<div class=\"elementor-widget-wrap\">\n\t\t\t\t\t\t<div class=\"elementor-element elementor-element-e567fa1 elementor-widget elementor-widget-text-editor\" data-id=\"e567fa1\" data-element_type=\"widget\" data-widget_type=\"text-editor.default\">\n\t\t\t\t<div class=\"elementor-widget-container\">\n\t\t\t\t\t<div class=\"elementor-text-editor elementor-clearfix\"><p><strong>FECHA: 04OCT2024.<\/strong><br \/><strong>HORA: 15:00<\/strong><br \/><strong>ASUNTO:<\/strong> Capacitaci\u00f3n al personal de serenos conductores para un mejor patrullaje y cumplimiento del Compromiso 5 del Programa de Incentivos a la Mejora de la Gesti\u00f3n Municipal 2024.<\/p><p><strong>TEXTO:<\/strong> Esta tarde, desde las 15:00 horas, el suscrito procedi\u00f3 a capacitar al personal de serenos conductores de esta Gerencia, en cumplimiento al Plan de Adoctrinamiento, Capacitaci\u00f3n y Entrenamiento 2024, con la finalidad de mejorar la calidad del servicio de patrullaje municipal e integrado as\u00ed como para un efectivo cumplimiento del Compromiso 5 del Programa de Incentivos a la Mejora de la Gesti\u00f3n Municipal 2024, adem\u00e1s de imbuirles autoestima, sentido de pertenencia y un trato cortes y respetuosos hacia nuestros vecinos, jornada acad\u00e9mica desarrollada en los ambientes de La Caba\u00f1ita.<\/p><\/div>\n\t\t\t\t<\/div>\n\t\t\t\t<\/div>\n\t\t\t\t\t\t<\/div>\n\t\t\t\t\t<\/div>\n\t\t<\/div>\n\t\t\t\t\t\t\t\t<\/div>\n\t\t\t\t\t<\/div>\n\t\t<\/section>\n\t\t\t\t<section class=\"elementor-section elementor-top-section elementor-element elementor-element-a11d50f elementor-section-boxed elementor-section-height-default elementor-section-height-default\" data-id=\"a11d50f\" data-element_type=\"section\">\n\t\t\t\t\t\t<div class=\"elementor-container elementor-column-gap-default\">\n\t\t\t\t\t\t\t<div class=\"elementor-row\">\n\t\t\t\t\t<div class=\"elementor-column elementor-col-50 elementor-top-column elementor-element elementor-element-0920389\" data-id=\"0920389\" data-element_type=\"column\">\n\t\t\t<div class=\"elementor-column-wrap elementor-element-populated\">\n\t\t\t\t\t\t\t<div class=\"elementor-widget-wrap\">\n\t\t\t\t\t\t<div class=\"elementor-element elementor-element-0ddfba7 elementor-widget elementor-widget-image\" data-id=\"0ddfba7\" data-element_type=\"widget\" data-widget_type=\"image.default\">\n\t\t\t\t<div class=\"elementor-widget-container\">\n\t\t\t\t\t<div class=\"elementor-image\">\n\t\t\t\t\t\t\t\t\t\t<img loading=\"lazy\" decoding=\"async\" width=\"1024\" height=\"765\" src=\"https:\/\/munimiperu.gob.pe\/main\/wp-content\/uploads\/2024\/10\/WhatsApp-Image-2024-10-05-at-05.49.35-1-1024x765.jpeg\" class=\"attachment-large size-large\" alt=\"\" srcset=\"https:\/\/munimiperu.gob.pe\/main\/wp-content\/uploads\/2024\/10\/WhatsApp-Image-2024-10-05-at-05.49.35-1.jpeg 1024w, https:\/\/munimiperu.gob.pe\/main\/wp-content\/uploads\/2024\/10\/WhatsApp-Image-2024-10-05-at-05.49.35-1-300x224.jpeg 300w, https:\/\/munimiperu.gob.pe\/main\/wp-content\/uploads\/2024\/10\/WhatsApp-Image-2024-10-05-at-05.49.35-1-768x574.jpeg 768w, https:\/\/munimiperu.gob.pe\/main\/wp-content\/uploads\/2024\/10\/WhatsApp-Image-2024-10-05-at-05.49.35-1-1536x1148.jpeg 1536w\" sizes=\"auto, (max-width: 1024px) 100vw, 1024px\" \/>\t\t\t\t\t\t\t\t\t\t\t<\/div>\n\t\t\t\t<\/div>\n\t\t\t\t<\/div>\n\t\t\t\t\t\t<\/div>\n\t\t\t\t\t<\/div>\n\t\t<\/div>\n\t\t\t\t<div class=\"elementor-column elementor-col-50 elementor-top-column elementor-element elementor-element-39f10b2\" data-id=\"39f10b2\" data-element_type=\"column\">\n\t\t\t<div class=\"elementor-column-wrap elementor-element-populated\">\n\t\t\t\t\t\t\t<div class=\"elementor-widget-wrap\">\n\t\t\t\t\t\t<div class=\"elementor-element elementor-element-fae2a99 elementor-widget elementor-widget-image\" data-id=\"fae2a99\" data-element_type=\"widget\" data-widget_type=\"image.default\">\n\t\t\t\t<div class=\"elementor-widget-container\">\n\t\t\t\t\t<div class=\"elementor-image\">\n\t\t\t\t\t\t\t\t\t\t<img loading=\"lazy\" decoding=\"async\" width=\"1024\" height=\"765\" src=\"https:\/\/munimiperu.gob.pe\/main\/wp-content\/uploads\/2024\/10\/WhatsApp-Image-2024-10-05-at-05.49.35-1024x765.jpeg\" class=\"attachment-large size-large\" alt=\"\" srcset=\"https:\/\/munimiperu.gob.pe\/main\/wp-content\/uploads\/2024\/10\/WhatsApp-Image-2024-10-05-at-05.49.35.jpeg 1024w, https:\/\/munimiperu.gob.pe\/main\/wp-content\/uploads\/2024\/10\/WhatsApp-Image-2024-10-05-at-05.49.35-300x224.jpeg 300w, https:\/\/munimiperu.gob.pe\/main\/wp-content\/uploads\/2024\/10\/WhatsApp-Image-2024-10-05-at-05.49.35-768x574.jpeg 768w, https:\/\/munimiperu.gob.pe\/main\/wp-content\/uploads\/2024\/10\/WhatsApp-Image-2024-10-05-at-05.49.35-1536x1148.jpeg 1536w\" sizes=\"auto, (max-width: 1024px) 100vw, 1024px\" \/>\t\t\t\t\t\t\t\t\t\t\t<\/div>\n\t\t\t\t<\/div>\n\t\t\t\t<\/div>\n\t\t\t\t\t\t<\/div>\n\t\t\t\t\t<\/div>\n\t\t<\/div>\n\t\t\t\t\t\t\t\t<\/div>\n\t\t\t\t\t<\/div>\n\t\t<\/section>\n\t\t\t\t<section class=\"elementor-section elementor-top-section elementor-element elementor-element-0427365 elementor-section-boxed elementor-section-height-default elementor-section-height-default\" data-id=\"0427365\" data-element_type=\"section\">\n\t\t\t\t\t\t<div class=\"elementor-container elementor-column-gap-default\">\n\t\t\t\t\t\t\t<div class=\"elementor-row\">\n\t\t\t\t\t<div class=\"elementor-column elementor-col-100 elementor-top-column elementor-element elementor-element-d280f85\" data-id=\"d280f85\" data-element_type=\"column\">\n\t\t\t<div class=\"elementor-column-wrap elementor-element-populated\">\n\t\t\t\t\t\t\t<div class=\"elementor-widget-wrap\">\n\t\t\t\t\t\t<div class=\"elementor-element elementor-element-9169328 elementor-widget elementor-widget-text-editor\" data-id=\"9169328\" data-element_type=\"widget\" data-widget_type=\"text-editor.default\">\n\t\t\t\t<div class=\"elementor-widget-container\">\n\t\t\t\t\t<div class=\"elementor-text-editor elementor-clearfix\"><p><strong>FECHA: 10OCT2024.<\/strong><br \/><strong>HORA: 13:00<\/strong><br \/><strong>ASUNTO:<\/strong> Ejecuci\u00f3n del Operativo de limpieza de zapatillas colgadas en cables. <br \/><strong>DESCRIPCI\u00d3N:<\/strong><br \/>Esta ma\u00f1ana, desde las 10:30 horas, en coordinaci\u00f3n con la Subgerencia de Limpieza P\u00fablica, \u00c1reas Verdes y Ornato y el \u00c1rea de Comunicaciones, adem\u00e1s del apoyo del personal policial de patrullaje integrado, como parte de las actividades de prevenci\u00f3n situacional del delito, se realiz\u00f3 un operativo destinado a la limpieza de zapatos y zapatillas colgados en redes de cables en lugares p\u00fablicos, que aparte de deslucir el ornato, son utilizadas por organizaciones criminales, para indicar que a inmediaciones hay personas que se dedican a la venta de drogas ilegales.<br \/>Se intervino en la Av Cusco, Av Piura, Parque Luren, AH Se\u00f1or del Mar, <br \/>Av Puno, Sector F, Sector N.<br \/>Esta actividad fue recibida con benepl\u00e1cito, por los vecinos que viven en los lugares intervenidos y ser\u00e1 replicada en los pr\u00f3ximos d\u00edas, a fin de minimizar los factores de riesgos sociales que puedan originar actos delincuenciales en nuestro distrito.<\/p><\/div>\n\t\t\t\t<\/div>\n\t\t\t\t<\/div>\n\t\t\t\t\t\t<\/div>\n\t\t\t\t\t<\/div>\n\t\t<\/div>\n\t\t\t\t\t\t\t\t<\/div>\n\t\t\t\t\t<\/div>\n\t\t<\/section>\n\t\t\t\t<section class=\"elementor-section elementor-top-section elementor-element elementor-element-cd94fd1 elementor-section-boxed elementor-section-height-default elementor-section-height-default\" data-id=\"cd94fd1\" data-element_type=\"section\">\n\t\t\t\t\t\t<div class=\"elementor-container elementor-column-gap-default\">\n\t\t\t\t\t\t\t<div class=\"elementor-row\">\n\t\t\t\t\t<div class=\"elementor-column elementor-col-50 elementor-top-column elementor-element elementor-element-464fc83\" data-id=\"464fc83\" data-element_type=\"column\">\n\t\t\t<div class=\"elementor-column-wrap elementor-element-populated\">\n\t\t\t\t\t\t\t<div class=\"elementor-widget-wrap\">\n\t\t\t\t\t\t<div class=\"elementor-element elementor-element-b6c255b elementor-widget elementor-widget-image\" data-id=\"b6c255b\" data-element_type=\"widget\" data-widget_type=\"image.default\">\n\t\t\t\t<div class=\"elementor-widget-container\">\n\t\t\t\t\t<div class=\"elementor-image\">\n\t\t\t\t\t\t\t\t\t\t<img loading=\"lazy\" decoding=\"async\" width=\"771\" height=\"1024\" src=\"https:\/\/munimiperu.gob.pe\/main\/wp-content\/uploads\/2024\/10\/WhatsApp-Image-2024-10-19-at-13.51.35-771x1024.jpeg\" class=\"attachment-large size-large\" alt=\"\" srcset=\"https:\/\/munimiperu.gob.pe\/main\/wp-content\/uploads\/2024\/10\/WhatsApp-Image-2024-10-19-at-13.51.35.jpeg 771w, https:\/\/munimiperu.gob.pe\/main\/wp-content\/uploads\/2024\/10\/WhatsApp-Image-2024-10-19-at-13.51.35-226x300.jpeg 226w, https:\/\/munimiperu.gob.pe\/main\/wp-content\/uploads\/2024\/10\/WhatsApp-Image-2024-10-19-at-13.51.35-768x1021.jpeg 768w, https:\/\/munimiperu.gob.pe\/main\/wp-content\/uploads\/2024\/10\/WhatsApp-Image-2024-10-19-at-13.51.35-1156x1536.jpeg 1156w\" sizes=\"auto, (max-width: 771px) 100vw, 771px\" \/>\t\t\t\t\t\t\t\t\t\t\t<\/div>\n\t\t\t\t<\/div>\n\t\t\t\t<\/div>\n\t\t\t\t\t\t<\/div>\n\t\t\t\t\t<\/div>\n\t\t<\/div>\n\t\t\t\t<div class=\"elementor-column elementor-col-50 elementor-top-column elementor-element elementor-element-2b20034\" data-id=\"2b20034\" data-element_type=\"column\">\n\t\t\t<div class=\"elementor-column-wrap elementor-element-populated\">\n\t\t\t\t\t\t\t<div class=\"elementor-widget-wrap\">\n\t\t\t\t\t\t<div class=\"elementor-element elementor-element-64e7c3f elementor-widget elementor-widget-image\" data-id=\"64e7c3f\" data-element_type=\"widget\" data-widget_type=\"image.default\">\n\t\t\t\t<div class=\"elementor-widget-container\">\n\t\t\t\t\t<div class=\"elementor-image\">\n\t\t\t\t\t\t\t\t\t\t<img loading=\"lazy\" decoding=\"async\" width=\"771\" height=\"1024\" src=\"https:\/\/munimiperu.gob.pe\/main\/wp-content\/uploads\/2024\/10\/WhatsApp-Image-2024-10-19-at-13.51.36-1-771x1024.jpeg\" class=\"attachment-large size-large\" alt=\"\" srcset=\"https:\/\/munimiperu.gob.pe\/main\/wp-content\/uploads\/2024\/10\/WhatsApp-Image-2024-10-19-at-13.51.36-1.jpeg 771w, https:\/\/munimiperu.gob.pe\/main\/wp-content\/uploads\/2024\/10\/WhatsApp-Image-2024-10-19-at-13.51.36-1-226x300.jpeg 226w, https:\/\/munimiperu.gob.pe\/main\/wp-content\/uploads\/2024\/10\/WhatsApp-Image-2024-10-19-at-13.51.36-1-768x1021.jpeg 768w, https:\/\/munimiperu.gob.pe\/main\/wp-content\/uploads\/2024\/10\/WhatsApp-Image-2024-10-19-at-13.51.36-1-1156x1536.jpeg 1156w\" sizes=\"auto, (max-width: 771px) 100vw, 771px\" \/>\t\t\t\t\t\t\t\t\t\t\t<\/div>\n\t\t\t\t<\/div>\n\t\t\t\t<\/div>\n\t\t\t\t\t\t<\/div>\n\t\t\t\t\t<\/div>\n\t\t<\/div>\n\t\t\t\t\t\t\t\t<\/div>\n\t\t\t\t\t<\/div>\n\t\t<\/section>\n\t\t\t\t<section class=\"elementor-section elementor-top-section elementor-element elementor-element-155836f elementor-section-boxed elementor-section-height-default elementor-section-height-default\" data-id=\"155836f\" data-element_type=\"section\">\n\t\t\t\t\t\t<div class=\"elementor-container elementor-column-gap-default\">\n\t\t\t\t\t\t\t<div class=\"elementor-row\">\n\t\t\t\t\t<div class=\"elementor-column elementor-col-50 elementor-top-column elementor-element elementor-element-e44a505\" data-id=\"e44a505\" data-element_type=\"column\">\n\t\t\t<div class=\"elementor-column-wrap elementor-element-populated\">\n\t\t\t\t\t\t\t<div class=\"elementor-widget-wrap\">\n\t\t\t\t\t\t<div class=\"elementor-element elementor-element-faa9b9a elementor-widget elementor-widget-image\" data-id=\"faa9b9a\" data-element_type=\"widget\" data-widget_type=\"image.default\">\n\t\t\t\t<div class=\"elementor-widget-container\">\n\t\t\t\t\t<div class=\"elementor-image\">\n\t\t\t\t\t\t\t\t\t\t<img loading=\"lazy\" decoding=\"async\" width=\"771\" height=\"1024\" src=\"https:\/\/munimiperu.gob.pe\/main\/wp-content\/uploads\/2024\/10\/WhatsApp-Image-2024-10-19-at-13.51.35-2-771x1024.jpeg\" class=\"attachment-large size-large\" alt=\"\" srcset=\"https:\/\/munimiperu.gob.pe\/main\/wp-content\/uploads\/2024\/10\/WhatsApp-Image-2024-10-19-at-13.51.35-2.jpeg 771w, https:\/\/munimiperu.gob.pe\/main\/wp-content\/uploads\/2024\/10\/WhatsApp-Image-2024-10-19-at-13.51.35-2-226x300.jpeg 226w, https:\/\/munimiperu.gob.pe\/main\/wp-content\/uploads\/2024\/10\/WhatsApp-Image-2024-10-19-at-13.51.35-2-768x1021.jpeg 768w, https:\/\/munimiperu.gob.pe\/main\/wp-content\/uploads\/2024\/10\/WhatsApp-Image-2024-10-19-at-13.51.35-2-1156x1536.jpeg 1156w\" sizes=\"auto, (max-width: 771px) 100vw, 771px\" \/>\t\t\t\t\t\t\t\t\t\t\t<\/div>\n\t\t\t\t<\/div>\n\t\t\t\t<\/div>\n\t\t\t\t\t\t<\/div>\n\t\t\t\t\t<\/div>\n\t\t<\/div>\n\t\t\t\t<div class=\"elementor-column elementor-col-50 elementor-top-column elementor-element elementor-element-c8dfee7\" data-id=\"c8dfee7\" data-element_type=\"column\">\n\t\t\t<div class=\"elementor-column-wrap elementor-element-populated\">\n\t\t\t\t\t\t\t<div class=\"elementor-widget-wrap\">\n\t\t\t\t\t\t<div class=\"elementor-element elementor-element-81946d0 elementor-widget elementor-widget-image\" data-id=\"81946d0\" data-element_type=\"widget\" data-widget_type=\"image.default\">\n\t\t\t\t<div class=\"elementor-widget-container\">\n\t\t\t\t\t<div class=\"elementor-image\">\n\t\t\t\t\t\t\t\t\t\t<img loading=\"lazy\" decoding=\"async\" width=\"771\" height=\"1024\" src=\"https:\/\/munimiperu.gob.pe\/main\/wp-content\/uploads\/2024\/10\/WhatsApp-Image-2024-10-19-at-13.51.35-1-771x1024.jpeg\" class=\"attachment-large size-large\" alt=\"\" srcset=\"https:\/\/munimiperu.gob.pe\/main\/wp-content\/uploads\/2024\/10\/WhatsApp-Image-2024-10-19-at-13.51.35-1.jpeg 771w, https:\/\/munimiperu.gob.pe\/main\/wp-content\/uploads\/2024\/10\/WhatsApp-Image-2024-10-19-at-13.51.35-1-226x300.jpeg 226w, https:\/\/munimiperu.gob.pe\/main\/wp-content\/uploads\/2024\/10\/WhatsApp-Image-2024-10-19-at-13.51.35-1-768x1021.jpeg 768w, https:\/\/munimiperu.gob.pe\/main\/wp-content\/uploads\/2024\/10\/WhatsApp-Image-2024-10-19-at-13.51.35-1-1156x1536.jpeg 1156w\" sizes=\"auto, (max-width: 771px) 100vw, 771px\" \/>\t\t\t\t\t\t\t\t\t\t\t<\/div>\n\t\t\t\t<\/div>\n\t\t\t\t<\/div>\n\t\t\t\t\t\t<\/div>\n\t\t\t\t\t<\/div>\n\t\t<\/div>\n\t\t\t\t\t\t\t\t<\/div>\n\t\t\t\t\t<\/div>\n\t\t<\/section>\n\t\t\t\t<section class=\"elementor-section elementor-top-section elementor-element elementor-element-55b3859 elementor-section-boxed elementor-section-height-default elementor-section-height-default\" data-id=\"55b3859\" data-element_type=\"section\">\n\t\t\t\t\t\t<div class=\"elementor-container elementor-column-gap-default\">\n\t\t\t\t\t\t\t<div class=\"elementor-row\">\n\t\t\t\t\t<div class=\"elementor-column elementor-col-100 elementor-top-column elementor-element elementor-element-f0f608a\" data-id=\"f0f608a\" data-element_type=\"column\">\n\t\t\t<div class=\"elementor-column-wrap elementor-element-populated\">\n\t\t\t\t\t\t\t<div class=\"elementor-widget-wrap\">\n\t\t\t\t\t\t<div class=\"elementor-element elementor-element-dc7ce6f elementor-widget elementor-widget-text-editor\" data-id=\"dc7ce6f\" data-element_type=\"widget\" data-widget_type=\"text-editor.default\">\n\t\t\t\t<div class=\"elementor-widget-container\">\n\t\t\t\t\t<div class=\"elementor-text-editor elementor-clearfix\"><p><strong>FECHA: 24OCT2024<\/strong><br \/><strong>HORA: 13:00 <\/strong><br \/><strong>ASUNTO<\/strong>: EJECUCI\u00d3N DE ACTIVIDAD PREVENTIVA DEL PLAN DE ACCI\u00d3N DISTRITAL DE SEGURIDAD CIUDADANA 2024 &#8211; 2027.<br \/><strong>DESCRIPCI\u00d3N:<\/strong> Esta tarde, desde las 13:00 horas, previa coordinaci\u00f3n, se ejecut\u00f3 una actividad preventiva programada en el Plan de Acci\u00f3n Distrital de Seguridad Ciudadana 2024 -2027, conjuntamente con el Lic. Luis Aguilar, articulador territorial de la Estrategia Multisectorial Barrio Seguro del Ministerio del Interior, el equipo t\u00e9cnico de la ST CODISEC y serenos de esta Gerencia.<br \/>Durante la conferencia se abordaron temas de seguridad ciudadana y se hizo conocer los n\u00fameros de emergencia que la Municipalidad pone a disposici\u00f3n de los vecinos. Se observ\u00f3 una buena predisposici\u00f3n por parte de parte de los docentes y alumnos de secundaria de la Instituci\u00f3n Educativa N\u00b0 5151 San Juan Bosco del AH Villa Emilia.<br \/>Esta charla marca el inicio de una serie de actividades por parte de la Gerencia de Seguridad Ciudadana a favor de los j\u00f3venes y ni\u00f1os de nuestro distrito, en concordancia con los lineamientos impartidos por el Dr. Irvin CH\u00c1VEZ LE\u00d3N, alcalde distrital y presidente del CODISEC.<\/p><\/div>\n\t\t\t\t<\/div>\n\t\t\t\t<\/div>\n\t\t\t\t\t\t<\/div>\n\t\t\t\t\t<\/div>\n\t\t<\/div>\n\t\t\t\t\t\t\t\t<\/div>\n\t\t\t\t\t<\/div>\n\t\t<\/section>\n\t\t\t\t<section class=\"elementor-section elementor-top-section elementor-element elementor-element-629c0e9 elementor-section-boxed elementor-section-height-default elementor-section-height-default\" data-id=\"629c0e9\" data-element_type=\"section\">\n\t\t\t\t\t\t<div class=\"elementor-container elementor-column-gap-default\">\n\t\t\t\t\t\t\t<div class=\"elementor-row\">\n\t\t\t\t\t<div class=\"elementor-column elementor-col-50 elementor-top-column elementor-element elementor-element-f7de389\" data-id=\"f7de389\" data-element_type=\"column\">\n\t\t\t<div class=\"elementor-column-wrap elementor-element-populated\">\n\t\t\t\t\t\t\t<div class=\"elementor-widget-wrap\">\n\t\t\t\t\t\t<div class=\"elementor-element elementor-element-01c338c elementor-widget elementor-widget-image\" data-id=\"01c338c\" data-element_type=\"widget\" data-widget_type=\"image.default\">\n\t\t\t\t<div class=\"elementor-widget-container\">\n\t\t\t\t\t<div class=\"elementor-image\">\n\t\t\t\t\t\t\t\t\t\t<img loading=\"lazy\" decoding=\"async\" width=\"1024\" height=\"768\" src=\"https:\/\/munimiperu.gob.pe\/main\/wp-content\/uploads\/2024\/10\/WhatsApp-Image-2024-10-24-at-15.48.37-1-1024x768.jpeg\" class=\"attachment-large size-large\" alt=\"\" srcset=\"https:\/\/munimiperu.gob.pe\/main\/wp-content\/uploads\/2024\/10\/WhatsApp-Image-2024-10-24-at-15.48.37-1.jpeg 1024w, https:\/\/munimiperu.gob.pe\/main\/wp-content\/uploads\/2024\/10\/WhatsApp-Image-2024-10-24-at-15.48.37-1-300x225.jpeg 300w, https:\/\/munimiperu.gob.pe\/main\/wp-content\/uploads\/2024\/10\/WhatsApp-Image-2024-10-24-at-15.48.37-1-768x576.jpeg 768w, https:\/\/munimiperu.gob.pe\/main\/wp-content\/uploads\/2024\/10\/WhatsApp-Image-2024-10-24-at-15.48.37-1-1536x1152.jpeg 1536w\" sizes=\"auto, (max-width: 1024px) 100vw, 1024px\" \/>\t\t\t\t\t\t\t\t\t\t\t<\/div>\n\t\t\t\t<\/div>\n\t\t\t\t<\/div>\n\t\t\t\t\t\t<\/div>\n\t\t\t\t\t<\/div>\n\t\t<\/div>\n\t\t\t\t<div class=\"elementor-column elementor-col-50 elementor-top-column elementor-element elementor-element-96c6660\" data-id=\"96c6660\" data-element_type=\"column\">\n\t\t\t<div class=\"elementor-column-wrap elementor-element-populated\">\n\t\t\t\t\t\t\t<div class=\"elementor-widget-wrap\">\n\t\t\t\t\t\t<div class=\"elementor-element elementor-element-a7259d8 elementor-widget elementor-widget-image\" data-id=\"a7259d8\" data-element_type=\"widget\" data-widget_type=\"image.default\">\n\t\t\t\t<div class=\"elementor-widget-container\">\n\t\t\t\t\t<div class=\"elementor-image\">\n\t\t\t\t\t\t\t\t\t\t<img loading=\"lazy\" decoding=\"async\" width=\"1024\" height=\"768\" src=\"https:\/\/munimiperu.gob.pe\/main\/wp-content\/uploads\/2024\/10\/WhatsApp-Image-2024-10-24-at-15.48.37-1024x768.jpeg\" class=\"attachment-large size-large\" alt=\"\" srcset=\"https:\/\/munimiperu.gob.pe\/main\/wp-content\/uploads\/2024\/10\/WhatsApp-Image-2024-10-24-at-15.48.37.jpeg 1024w, https:\/\/munimiperu.gob.pe\/main\/wp-content\/uploads\/2024\/10\/WhatsApp-Image-2024-10-24-at-15.48.37-300x225.jpeg 300w, https:\/\/munimiperu.gob.pe\/main\/wp-content\/uploads\/2024\/10\/WhatsApp-Image-2024-10-24-at-15.48.37-768x576.jpeg 768w, https:\/\/munimiperu.gob.pe\/main\/wp-content\/uploads\/2024\/10\/WhatsApp-Image-2024-10-24-at-15.48.37-1536x1152.jpeg 1536w\" sizes=\"auto, (max-width: 1024px) 100vw, 1024px\" \/>\t\t\t\t\t\t\t\t\t\t\t<\/div>\n\t\t\t\t<\/div>\n\t\t\t\t<\/div>\n\t\t\t\t\t\t<\/div>\n\t\t\t\t\t<\/div>\n\t\t<\/div>\n\t\t\t\t\t\t\t\t<\/div>\n\t\t\t\t\t<\/div>\n\t\t<\/section>\n\t\t\t\t\t\t<\/div>\n\t\t\t\t\t\t<\/div>\n\t\t\t\t\t<\/div>\n\t\t","protected":false},"excerpt":{"rendered":"<p>GERENCIA DE SEGURIDAD CIUDADANA FECHA: 04OCT2024.HORA: 15:00ASUNTO: Capacitaci\u00f3n al personal de serenos conductores para un mejor patrullaje y cumplimiento del Compromiso 5 del Programa de Incentivos a la Mejora de la Gesti\u00f3n Municipal 2024. TEXTO: Esta tarde, desde las 15:00 horas, el suscrito procedi\u00f3 a capacitar al personal de serenos conductores de esta Gerencia, en &hellip;<\/p>\n<p class=\"read-more\"> <a class=\"\" href=\"https:\/\/munimiperu.gob.pe\/main\/actividades-2024\/\"> <span class=\"screen-reader-text\">ACTIVIDADES 2024<\/span> Leer m\u00e1s &raquo;<\/a><\/p>\n","protected":false},"author":1,"featured_media":0,"parent":0,"menu_order":0,"comment_status":"closed","ping_status":"closed","template":"","meta":{"_mi_skip_tracking":false,"site-sidebar-layout":"default","site-content-layout":"default","ast-main-header-display":"","ast-hfb-above-header-display":"","ast-hfb-below-header-display":"","ast-hfb-mobile-header-display":"","site-post-title":"","ast-breadcrumbs-content":"","ast-featured-img":"","footer-sml-layout":"","theme-transparent-header-meta":"default","adv-header-id-meta":"","stick-header-meta":"","header-above-stick-meta":"","header-main-stick-meta":"","header-below-stick-meta":"","footnotes":""},"class_list":["post-17934","page","type-page","status-publish","hentry"],"_links":{"self":[{"href":"https:\/\/munimiperu.gob.pe\/main\/wp-json\/wp\/v2\/pages\/17934","targetHints":{"allow":["GET"]}}],"collection":[{"href":"https:\/\/munimiperu.gob.pe\/main\/wp-json\/wp\/v2\/pages"}],"about":[{"href":"https:\/\/munimiperu.gob.pe\/main\/wp-json\/wp\/v2\/types\/page"}],"author":[{"embeddable":true,"href":"https:\/\/munimiperu.gob.pe\/main\/wp-json\/wp\/v2\/users\/1"}],"replies":[{"embeddable":true,"href":"https:\/\/munimiperu.gob.pe\/main\/wp-json\/wp\/v2\/comments?post=17934"}],"version-history":[{"count":13,"href":"https:\/\/munimiperu.gob.pe\/main\/wp-json\/wp\/v2\/pages\/17934\/revisions"}],"predecessor-version":[{"id":18108,"href":"https:\/\/munimiperu.gob.pe\/main\/wp-json\/wp\/v2\/pages\/17934\/revisions\/18108"}],"wp:attachment":[{"href":"https:\/\/munimiperu.gob.pe\/main\/wp-json\/wp\/v2\/media?parent=17934"}],"curies":[{"name":"wp","href":"https:\/\/api.w.org\/{rel}","templated":true}]}}